
2, 821
List the prime factors of 840.
2, 3, 5, 7
What are the prime factors of 1188?
2, 3, 11
List the prime factors of 3278.
2, 11, 149
What are the prime factors of 8339?
31, 269
What are the prime factors of 2825?
5, 113
List the prime factors of 831.
3, 277
What are the prime factors of 485?
5, 97
List the prime factors of 10.
2, 5
What are the prime factors of 117738?
2, 3, 31, 211
What are the prime factors of 43113?
3, 7, 2053
List the prime factors of 7287.
3, 7, 347
What are the prime factors of 9960?
2, 3, 5, 83
What are the prime factors of 101512?
2, 12689
List the prime factors of 1335.
3, 5, 89
List the prime factors of 44682.
2, 3, 11, 677
List the prime factors of 31689.
3, 7, 503
List the prime factors of 1129.
1129
What are the prime factors of 35837?
35837
What are the prime factors of 711?
3, 79
What are the prime factors of 138878?
2, 69439
What are the prime factors of 3590?
2, 5, 359
List the prime factors of 37194.
2, 3, 6199
What are the prime factors of 580?
2, 5, 29
What are the prime factors of 2747?
41, 67
What are the prime factors of 178066?
2, 7, 23, 79
List the prime factors of 51763.
37, 1399
List the prime factors of 5983.
31, 193
What are the prime factors of 1797?
3, 599
List the prime factors of 49840.
2, 5, 7, 89
List the prime factors of 8496.
2, 3, 59
List the prime factors of 1294.
2, 647
List the prime factors of 2013.
3, 11, 61
List the prime factors of 4813.
4813
What are the prime factors of 19036?
2, 4759
List the prime factors of 418.
2, 11, 19
What are the prime factors of 1365?
3, 5, 7, 13
List the prime factors of 40877.
41, 997
What are the prime factors of 2479?
37, 67
What are the prime factors of 502?
2, 251
What are the prime factors of 1657?
1657
List the prime factors of 2066.
2, 1033
What are the prime factors of 50563?
59, 857
List the prime factors of 57865.
5, 71, 163
What are the prime factors of 45596?
2, 11399
What are the prime factors of 104594?
2, 7, 31, 241
What are the prime factors of 37013?
37013
What are the prime factors of 22823?
29, 787
What are the prime factors of 7?
7
List the prime factors of 204.
2, 3, 17
What are the prime factors of 5879?
5879
List the prime factors of 821.
821
What are the prime factors of 47949?
3, 11, 1453
What are the prime factors of 90484?
2, 22621
What are the prime factors of 17535?
3, 5, 7, 167
What are the prime factors of 2332?
2, 11, 53
What are the prime factors of 2584?
2, 17, 19
List the prime factors of 1235.
5, 13, 19
What are the prime factors of 5593?
7, 17, 47
List the prime factors of 36068.
2, 71, 127
List the prime factors of 2023.
7, 17
List the prime factors of 15522.
2, 3, 13, 199
List the prime factors of 1222.
2, 13, 47
What are the prime factors of 4400?
2, 5, 11
What are the prime factors of 26692?
2, 6673
What are the prime factors of 5532?
2, 3, 461
What are the prime factors of 2531?
2531
List the prime factors of 87622.
2, 193, 227
List the prime factors of 21243.
3, 73, 97
List the prime factors of 2498.
2, 1249
List the prime factors of 74799.
3, 8311
What are the prime factors of 42951?
3, 103, 139
List the prime factors of 560.
2, 5, 7
What are the prime factors of 744?
2, 3, 31
What are the prime factors of 204?
2, 3, 17
List the prime factors of 1477.
7, 211
What are the prime factors of 10042?
2, 5021
List the prime factors of 1568.
2, 7
List the prime factors of 14306.
2, 23, 311
List the prime factors of 169.
13
List the prime factors of 2862.
2, 3, 53
What are the prime factors of 40747?
7, 5821
List the prime factors of 121276.
2, 30319
What are the prime factors of 38115?
3, 5, 7, 11
List the prime factors of 2037.
3, 7, 97
What are the prime factors of 21779?
29, 751
What are the prime factors of 36994?
2, 53, 349
What are the prime factors of 78723?
3, 8747
What are the prime factors of 1449?
3, 7, 23
What are the prime factors of 28118?
2, 17, 827
What are the prime factors of 330?
2, 3, 5, 11
List the prime factors of 6779.
6779
What are the prime factors of 832?
2, 13
What are the prime factors of 1722?
2, 3, 7, 41
What are the prime factors of 121863?
3, 7, 829
What are the prime factors of 68359?
197, 347
List the prime factors of 14002.
2, 7001
List the prime factors of 12034.
2, 11, 547
What are the prime factors of 1138?
2, 569
List the prime factors of 4231.
4231
List the prime factors of 1572.
2, 3, 131
What are the prime factors of 3774?
2, 3, 17, 37
What are the prime factors of 17303?
11, 13
What are the prime factors of 470?
2, 5, 47
What are the prime factors of 89386?
2, 11, 17, 239
What are the prime factors of 67?
67
What are the prime factors of 84261?
3, 28087
List the prime factors of 19529.
59, 331
List the prime factors of 25034.
2, 12517
List the prime factors of 1558.
2, 19, 41
List the prime factors of 1135.
5, 227
What are the prime factors of 55?
5, 11
What are the prime factors of 8283?
3, 11, 251
What are the prime factors of 2022?
2, 3, 337
List the prime factors of 14479.
14479
List the prime factors of 11160.
2, 3, 5, 31
What are the prime factors of 16754?
2, 8377
What are the prime factors of 47495?
5, 7, 23, 59
What are the prime factors of 91886?
2, 45943
What are the prime factors of 204?
2, 3, 17
What are the prime factors of 35195?
5, 7039
List the prime factors of 5567.
19, 293
What are the prime factors of 78142?
2, 89, 439
What are the prime factors of 261?
3, 29
List the prime factors of 41258.
2, 7, 421
What are the prime factors of 5375?
5, 43
What are the prime factors of 1017?
3, 113
What are the prime factors of 1227?
3, 409
What are the prime factors of 63861?
3, 7, 3041
What are the prime factors of 92589?
3, 7, 4409
List the prime factors of 2187.
3
List the prime factors of 389.
389
List the prime factors of 33.
3, 11
What are the prime factors of 27421?
17, 1613
What are the prime factors of 931?
7, 19
List the prime factors of 7802.
2, 47, 83
List the prime factors of 569.
569
List the prime factors of 59647.
7, 8521
List the prime factors of 11896.
2, 1487
What are the prime factors of 9094?
2, 4547
What are the prime factors of 2246?
2, 1123
What are the prime factors of 89774?
2, 44887
List the prime factors of 44197.
193, 229
What are the prime factors of 2955?
3, 5, 197
List the prime factors of 3245.
5, 11, 59
What are the prime factors of 4567?
4567
What are the prime factors of 13445?
5, 2689
List the prime factors of 2119.
13, 163
What are the prime factors of 4258?
2, 2129
List the prime factors of 1904.
2, 7, 17
List the prime factors of 30586.
2, 41, 373
List the prime factors of 6738.
2, 3, 1123
What are the prime factors of 1035?
3, 5, 23
What are the prime factors of 1684?
2, 421
What are the prime factors of 29534?
2, 14767
What are the prime factors of 2942?
2, 1471
What are the prime factors of 38941?
7, 5563
List the prime factors of 49178.
2, 67, 367
List the prime factors of 14808.
2, 3, 617
List the prime factors of 183.
3, 61
What are the prime factors of 17868?
2, 3, 1489
List the prime factors of 116715.
3, 5, 31, 251
What are the prime factors of 86587?
86587
List the prime factors of 56180.
2, 5, 53
List the prime factors of 21411.
3, 13, 61
What are the prime factors of 7539?
3, 7, 359
List the prime factors of 724.
2, 181
What are the prime factors of 3311?
7, 11, 43
What are the prime factors of 6267?
3, 2089
List the prime factors of 81423.
3, 83, 109
List the prime factors of 3143.
7, 449
List the prime factors of 3821.
3821
What are the prime factors of 10314?
2, 3, 191
List the prime factors of 1299.
3, 433
What are the prime factors of 76810?
2, 5, 7681
List the prime factors of 12.
2, 3
What are the prime factors of 11777?
11777
List the prime factors of 20446.
2, 10223
What are the prime factors of 22799?
7, 3257
What are the prime factors of 1475?
5, 59
What are the prime factors of 42?
2, 3, 7
What are the prime factors of 94041?
3, 43
List the prime factors of 1259.
1259
What are the prime factors of 144?
2, 3
What are the prime factors of 433?
433
List the prime factors of 3413.
3413
List the prime factors of 1408.
2, 11
List the prime factors of 168.
2, 3, 7
List the prime factors of 684.
2, 3, 19
List the prime factors of 614.
2, 307
What are the prime factors of 3209?
3209
List the prime factors